prime factors of -9 - 102356/(6/(-36) + (-22)/12)?
51169
List the prime factors of -4*8/((-224)/20881).
19, 157
Let z(j) = j**3 - 14*j**2 + 18*j + 15. Let n be z(12). Let t = 47 + n. What are the prime factors of 2/5 - 276/t?
2, 7
Suppose 13*g - 16*g + 12 = 0. Let q = g - 7. What are the prime factors of (-1 - 234/q) + -2 + 4?
79
Let r(v) = 9*v - 15. Let s = 254 + -166. Suppose 6*m - 14*m = -s. List the prime factors of r(m).
2, 3, 7
Let b = 58 + -35. Suppose 3*w - 321 = -33. Suppose b*r = 21*r + w. What are the prime factors of r?
2, 3
List the prime factors of ((-124334)/(-4))/((-80)/(-160)).
7, 83, 107
Let x(c) = -15*c - 15. Let s be x(10). List the prime factors of (72/(-20))/(1/s).
2, 3, 11
Suppose 2*r + 207 = 273. Suppose 4*c = -r*w + 32*w + 1470, 2 = -w. What are the prime factors of c?
2, 23
Suppose 0 = 4*u - 20817 - 9543. Suppose 36*i = 3*i + u. List the prime factors of i.
2, 5, 23
Suppose i - 36 = 13*i. Let a be 20/(-4) + (6 - i). Suppose 5*w - 715 = a*z, -3*w + 0*z + 4*z = -437. What are the prime factors of w?
139
Let i = -309 - -139. Let f = i + 694. List the prime factors of f.
2, 131
Let l(s) = -88*s**3 - 39*s**2 + 4*s. List the prime factors of l(-8).
2, 3, 443
List the prime factors of ((-14)/(-8))/7 - (-298045)/44.
2, 3, 1129
Suppose 32*m = 31*m + 17. Let w be 3/(-9) + 280/(-6). Let u = m - w. What are the prime factors of u?
2
Let x = 43 - 43. Suppose x*z = -3*z + 1704. Suppose 440 = 8*a - z. What are the prime factors of a?
2, 3, 7
Suppose 0 = 5*i - 10*w - 22055, 2*w - 1711 = 4*i - 19319. List the prime factors of i.
53, 83
Suppose -8*y + 292*y = 14310760. List the prime factors of y.
2, 5, 5039
What are the prime factors of 9572472/280 - 2/5?
17, 2011
Let o be (-6)/(-24) + 42/24. List the prime factors of ((-25)/15)/(o/(-1338)).
5, 223
Let t(g) = -g**3 - 28*g**2 - 730*g - 35. List the prime factors of t(-28).
5, 7, 11, 53
Let k be (-1 + (-4)/(-8))*46. Let b = k + 32. What are the prime factors of b/(45/(-20)) - -21?
17
Let q(p) = -23*p**3 + 12*p**2 + 49*p + 543. List the prime factors of q(-10).
79, 307
Suppose 0 = 13*a - 1045 - 3180. List the prime factors of a.
5, 13
Suppose 0 = g - 2, -6*g + 1560 = 2*n - 4*g. What are the prime factors of n?
2, 389
Let j(r) be the second derivative of -30*r - 19/3*r**3 + 5*r**2 + 0. List the prime factors of j(-6).
2, 7, 17
Let m(s) = 245*s**2 + 286*s + 3963. List the prime factors of m(-13).
2, 5, 7, 17
Suppose 267577 = 39*c - 289045 + 23180. What are the prime factors of c?
2, 7, 977
Suppose -10*s + 79 - 19 = 0. Let f(h) = -h**3 + 7*h**2 + h + 3. Let p be f(s). List the prime factors of ((-532)/(-21))/(6/p).
2, 5, 19
Suppose -128*p - 128 = -134*p + 2*n, -3*n - 66 = -3*p. Let d(j) = -7*j + 23. Let z(q) = q + 1. Let x(m) = -d(m) - 3*z(m). What are the prime factors of x(p)?
2, 29
Let m(n) = 14*n**3 - 5*n**2 - 3*n + 4. Let z be m(-3). Let a = -243 - z. What are the prime factors of a?
167
Suppose -24*x = -23*x + 1885. Let t = -1180 - x. List the prime factors of t.
3, 5, 47
Suppose 20*m - 5*z = 18*m + 185, -494 = -5*m + 2*z. Let p = 205 - m. List the prime factors of p.
3, 5, 7
Let g = 386 + -388. Let d(l) = -54*l**3 - 4*l**2 - 2*l + 4. List the prime factors of d(g).
2, 53
What are the prime factors of (4 + 0)/8*(-19210)/(-5)?
17, 113
Let l(m) = 8*m**2 - 21*m + 3. Let z be l(6). Suppose -z = -5*x - 5*j, 0 = 5*x - 3*j - 34 - 107. What are the prime factors of x?
2, 3, 5
Let m = -12280 + 28849. What are the prime factors of m?
3, 7, 263
Let u(t) be the second derivative of 194*t**3/3 + 59*t**2/2 - 42*t. List the prime factors of u(3).
1223
Suppose 0*k + 19740 = 7*k. Let m = k + -1548. List the prime factors of m.
2, 3, 53
Let o(w) = w**3 - 7*w**2 + 2*w - 12. Suppose 3*t - 16 = 4*q - 59, 3*t = -2*q - 1. Let x be o(q). Suppose -x*p + 67 = -139. List the prime factors of p.
103
Let s(x) = -3*x**3 - 47*x**2 + 16*x + 337. List the prime factors of s(-23).
3, 53, 73
Suppose 7*t - 2*t = -3*z + 15, -t + 3*z + 3 = 0. Let u(v) = -10 - 8*v - 3*v - 5*v - t. What are the prime factors of u(-6)?
83
Let g(q) = -67*q + 61. Let u be g(-11). Suppose 3*i - u - 2767 = -5*l, i - 1185 = -5*l. What are the prime factors of i?
2, 5, 7, 17
Let o(d) = -d**2 + 16*d + 15. Let y be o(17). List the prime factors of (4 - (y + 3)) + 291/3.
2, 5
Suppose -3*i = 5*f + 3444, 2*i + 13 = 17. Let c = f - -1404. What are the prime factors of c?
2, 3, 7, 17
Let x(o) = 8*o**2 - 5*o - 4. Let s be x(4). Let m = -1 - -21. Suppose -22*v = -m*v - s. List the prime factors of v.
2, 13
Let t be 4*(-4 + 3) + (1 - -5). Let v be (-6)/t - 1 - -211. Suppose -2*l + v = 35. List the prime factors of l.
2, 43
Suppose 3*p = 3*n + 18, 5*p + n - 2 = 2*p. Suppose -p*u - 2*z + 12 = 0, -3*u - 2*z = -z - 16. Suppose u*b = 7*b - 324. What are the prime factors of b?
2, 3
Suppose -6*l + 1125 = -w - l, w + 5*l = -1155. Let f = w - -1735. What are the prime factors of f?
5, 7, 17
Let r(h) = -10*h - 82. Let j be r(-8). What are the prime factors of (1 + (7 - -188))/(j/(-4))?
2, 7
Let j(u) = -6*u - 1. Let n be j(-3). Suppose n*w = 16*w - 14. Let a(r) = r**2 + 9*r + 10. List the prime factors of a(w).
2, 5
Let n = 125 + -79. Let c = n + -46. Suppose -5*o + 274 = -c*o - 4*g, -3*o + 5*g + 154 = 0. What are the prime factors of o?
2, 29
Let l = 73 - -207. Let t = 440 - l. List the prime factors of t.
2, 5
Let a(q) = -3*q**3 - 7*q**2 + 21*q + 98. List the prime factors of a(-16).
2, 23, 223
Suppose -w + 60 = 11*w. Suppose 4*i + 431 = 5*g, -w*i = -0 - 5. What are the prime factors of g?
3, 29
Suppose -4920 = -4*y + 2*y. Suppose 13*z - 10*z - y = 0. Suppose z = 20*c - 15*c. List the prime factors of c.
2, 41
Suppose -x - 487 = -2*x - 3*t, -5*x - 3*t = -2435. Suppose 5*g + 3*a + 1150 + 21 = 0, x = -2*g + 5*a. Let m = -135 - g. List the prime factors of m.
101
Suppose 0 = 4*x + 8, -4*x - 5353 - 46127 = -4*a. What are the prime factors of a?
2, 3217
Let t = 150340 - 86330. What are the prime factors of t?
2, 5, 37, 173
Suppose 4*s + 2*u = 34, s + 3*u = 3*s + 3. Let a(i) = -i**3 + 5*i**2 - i - 12. Let g be a(s). List the prime factors of ((-26)/(-6))/((-1)/g).
2, 3, 13
Suppose -2*t + 8*t + 3*t = 0. Let k be 14/(-4)*(t - (-4 - -2)). Let s(x) = -x**2 - 16*x + 3. What are the prime factors of s(k)?
2, 3, 11
Let z = -31389 + 44516. List the prime factors of z.
13127
Suppose 0 = -q - 4, -65*y - 56 = -60*y + 4*q. Let l(f) = 14*f**2 + 14*f + 57. List the prime factors of l(y).
29
Let h(u) = 12*u + 12. Let j(k) = k**3 - 6*k**2 - 8*k + 1. Let d be j(7). Let a be h(d). What are the prime factors of (2 - 21/9)*0 - a?
2, 3, 5
What are the prime factors of (-23114)/(-10) + ((-8)/(-14))/(210/(-147))?
2311
Let u(y) = 2090*y**2 + 17*y - 16. Let v be u(1). Let m = v - 1196. What are the prime factors of m?
5, 179
Let l(r) = r**2 - 4*r + 1274. Let a be (16 + -16)*4/(-8). List the prime factors of l(a).
2, 7, 13
Let h be 3/30*2 - (-1272)/40. Let b = 39 - 109. Let v = h - b. List the prime factors of v.
2, 3, 17
Suppose 18*x = x + 3*x. Suppose 2*s + 5*g - 792 = x, -13*g = s - 12*g - 402. List the prime factors of s.
2, 7, 29
Let d(y) = 1661*y + 14138. What are the prime factors of d(-7)?
3, 31
Let l = 34607 + -24662. What are the prime factors of l?
3, 5, 13, 17
Let u(l) = 16 - 69 - 82 - 28*l. List the prime factors of u(-15).
3, 5, 19
Let s(b) be the second derivative of b**5/20 - b**4/4 + 5*b**3/6 - 7*b**2/2 - 12*b + 3. List the prime factors of s(6).
131
Let w(n) = 22*n**2 + 23*n - 27. Let m be w(8). Suppose -k = -2*g + 626, 0*g = -5*g - 4*k + m. List the prime factors of g.
313
Suppose -618*h - 5187 = -625*h. Let n = h + -238. What are the prime factors of n?
503
Suppose -5*t - 8 + 63 = 4*r, 3*r + 60 = 3*t. Let x(p) = 3*p + 35. Let j be x(-7). Suppose -j*o = -t*o + 209. What are the prime factors of o?
11, 19
Suppose -16*l = -25*l. Let p = 369 + l. List the prime factors of p.
3, 41
Let c = 7 + -17. Let f be (-44)/55 - 128/c. What are the prime factors of (-794)/(-10) + f/(-30)?
79
Suppose 2*k = -60*q + 55*q + 3808, -5*k - 3*q + 9482 = 0. Let v = k + -1296. List the prime factors of v.
2, 13, 23
Suppose -76 = 3*x + 5*g + 261, -3*x - g = 341. Let r = 204 - x. What are the prime factors of r?
2, 3, 53
Suppose 4*n + 19842 + 25116 = 2*h, -4*n = 4. What are the prime factors of h?
7